{"id":69,"date":"2019-10-23T09:55:10","date_gmt":"2019-10-23T08:55:10","guid":{"rendered":"http:\/\/www.sermaisepatrimoine.fr\/?page_id=69"},"modified":"2026-04-11T17:59:27","modified_gmt":"2026-04-11T16:59:27","slug":"le-role-de-lassociation","status":"publish","type":"page","link":"http:\/\/www.sermaisepatrimoine.fr\/index.php\/le-role-de-lassociation\/","title":{"rendered":"Le r\u00f4le de l&rsquo;association"},"content":{"rendered":"<p><img decoding=\"async\" loading=\"lazy\" class=\"alignnone size-medium wp-image-569\" src=\"http:\/\/www.sermaisepatrimoine.fr\/wp-content\/uploads\/2019\/11\/34.LOGO-SAUVONS-LE-PATRIMOINE-DE-SERMAISE-300x172.png\" alt=\"\" width=\"300\" height=\"172\" srcset=\"http:\/\/www.sermaisepatrimoine.fr\/wp-content\/uploads\/2019\/11\/34.LOGO-SAUVONS-LE-PATRIMOINE-DE-SERMAISE-300x172.png 300w, http:\/\/www.sermaisepatrimoine.fr\/wp-content\/uploads\/2019\/11\/34.LOGO-SAUVONS-LE-PATRIMOINE-DE-SERMAISE-768x441.png 768w, http:\/\/www.sermaisepatrimoine.fr\/wp-content\/uploads\/2019\/11\/34.LOGO-SAUVONS-LE-PATRIMOINE-DE-SERMAISE.png 868w\" sizes=\"(max-width: 300px) 100vw, 300px\" \/><\/p>\n<p>L&rsquo;association a\u00a03\u00a0objectifs :<\/p>\n<ul>\n<li>Participer \u00e0 la pr\u00e9servation\u00a0du patrimoine de Sermaise.<\/li>\n<li>Le faire connaitre.<\/li>\n<li>Collecter des fonds\u00a0pour sa r\u00e9novation et aider dans la recherche de subventions.<\/li>\n<\/ul>\n<p><strong>Pr\u00e9server;<\/strong> C&rsquo;est d&rsquo;abord entretenir, pour que les monuments ne se d\u00e9gradent pas d&rsquo;avantage avec le temps. Les travaux de renforcement de la charpente et du remplacement de la couverture de l&rsquo;\u00e9glise ont \u00e9t\u00e9 achev\u00e9s en septembre 2021. Comme autre exemple de pr\u00e9servation du patrimoine, et l\u00e0 on parle de celui des paysages et de notre environnement, on peut citer la r\u00e9habilitation des marres r\u00e9alis\u00e9e par la municipalit\u00e9. Demain des travaux seront n\u00e9cessaires pour parfaire la mise hors d&rsquo;eau totale de l&rsquo;\u00e9glise (enduit de fa\u00e7ade et revers pav\u00e9) ou pour remplacer la toiture de la chapelle de Blancheface.<\/p>\n<p><strong>Faire connaitre;<\/strong> L&rsquo;autre objectif de l&rsquo;association est de faire connaitre le patrimoine de notre village. Dans la rubrique actualit\u00e9s nous publierons toutes les informations ou publications que l&rsquo;on nous fera parvenir relatives \u00e0 l&rsquo;histoire de notre commune ou de celles environnantes.<\/p>\n<p><b>Collecter des fonds et rechercher des subventions; <\/b>Pour notre \u00e9glise, la municipalit\u00e9 qui a financ\u00e9 une bonne partie des travaux a par ailleurs obtenu des subventions de la part des collectivit\u00e9s telles que la Direction R\u00e9gionale des affaires culturelles, le conseil g\u00e9n\u00e9ral et le conseil r\u00e9gional. <span style=\"font-size: inherit;\">Notre association a \u00e9galement pour but de collecter des fonds aupr\u00e8s de donateurs sensibles au patrimoine, soit lors de manifestations soit de fa\u00e7on continue, et d&rsquo;obtenir une (voire des) subvention(s)\u00a0 de la Fondation du Patrimoine. Pour la r\u00e9novation de la toiture de notre \u00e9glise, une convention tripartite a \u00e9t\u00e9 sign\u00e9e en juin 2016, par la mairie, la Fondation du patrimoine et notre association. L&rsquo;argent que nous avons collect\u00e9, transmis dans un premier temps \u00e0 la dite fondation, a \u00e9t\u00e9 int\u00e9gralement revers\u00e9 par cette derni\u00e8re le tout bonifi\u00e9 d\u2019une aide substantielle sur ses fonds propres.<\/span><\/p>\n<p><strong>Le\u00a0bureau\u00a0:<\/strong><br \/>\nPr\u00e9sidente : Madame Isabelle Daviot.<br \/>\nSecr\u00e9taire g\u00e9n\u00e9ral : Monsieur Patrick Daviot.<br \/>\nTr\u00e9sorier : Monsieur St\u00e9phane Battais.<\/p>\n<p><strong>Le conseil d&rsquo;administration :<br \/>\n<\/strong>Les membres du bureau et; Mesdames Isabelle Roehrig, Monique Nolin, Isabelle Duarte Alves; Messieurs Jean-Fran\u00e7ois Carle, Jean Louis Ringuede, Pascal Javouret.<span id=\"transmark\"><\/span><\/p>\n<p>Pour nous contacter :\u00a0<a href=\"mailto:sermaise.patrimoine@gmail.com\">sermaise.patrimoine@gmail.com<\/a><\/p>\n","protected":false},"excerpt":{"rendered":"<p>L&rsquo;association a\u00a03\u00a0objectifs : Participer \u00e0 la pr\u00e9servation\u00a0du patrimoine de Sermaise. Le faire connaitre. Collecter des fonds\u00a0pour sa r\u00e9novation et aider dans la recherche de subventions. Pr\u00e9server; C&rsquo;est d&rsquo;abord entretenir, pour que les monuments ne se d\u00e9gradent pas d&rsquo;avantage avec le&hellip; <\/p>\n","protected":false},"author":3,"featured_media":1546,"parent":0,"menu_order":8,"comment_status":"closed","ping_status":"closed","template":"","meta":{"_mi_skip_tracking":false},"aioseo_notices":[],"_links":{"self":[{"href":"http:\/\/www.sermaisepatrimoine.fr\/index.php\/wp-json\/wp\/v2\/pages\/69"}],"collection":[{"href":"http:\/\/www.sermaisepatrimoine.fr\/index.php\/wp-json\/wp\/v2\/pages"}],"about":[{"href":"http:\/\/www.sermaisepatrimoine.fr\/index.php\/wp-json\/wp\/v2\/types\/page"}],"author":[{"embeddable":true,"href":"http:\/\/www.sermaisepatrimoine.fr\/index.php\/wp-json\/wp\/v2\/users\/3"}],"replies":[{"embeddable":true,"href":"http:\/\/www.sermaisepatrimoine.fr\/index.php\/wp-json\/wp\/v2\/comments?post=69"}],"version-history":[{"count":32,"href":"http:\/\/www.sermaisepatrimoine.fr\/index.php\/wp-json\/wp\/v2\/pages\/69\/revisions"}],"predecessor-version":[{"id":4098,"href":"http:\/\/www.sermaisepatrimoine.fr\/index.php\/wp-json\/wp\/v2\/pages\/69\/revisions\/4098"}],"wp:featuredmedia":[{"embeddable":true,"href":"http:\/\/www.sermaisepatrimoine.fr\/index.php\/wp-json\/wp\/v2\/media\/1546"}],"wp:attachment":[{"href":"http:\/\/www.sermaisepatrimoine.fr\/index.php\/wp-json\/wp\/v2\/media?parent=69"}],"curies":[{"name":"wp","href":"https:\/\/api.w.org\/{rel}","templated":true}]}}