{"id":2,"date":"2016-08-23T20:36:24","date_gmt":"2016-08-23T19:36:24","guid":{"rendered":"http:\/\/www.sermaisepatrimoine.fr\/?page_id=2"},"modified":"2026-04-11T11:03:15","modified_gmt":"2026-04-11T10:03:15","slug":"accueil","status":"publish","type":"page","link":"http:\/\/www.sermaisepatrimoine.fr\/","title":{"rendered":"Sauvons le patrimoine de Sermaise"},"content":{"rendered":"\n<p>L\u2019association \u00ab&nbsp;<strong style=\"font-style: inherit;\">Sauvons le patrimoine de Sermaise<\/strong>&nbsp;\u00bb&nbsp;a \u00e9t\u00e9 cr\u00e9\u00e9e en juin 2016 pour pr\u00e9server et&nbsp;faire connaitre le patrimoine de notre village.<\/p>\n\n\n\n<p>Il y avait \u00e0 cette \u00e9poque une urgence toute particuli\u00e8re \u00e0 r\u00e9nover la toiture de l\u2019Eglise de Sermaise. Depuis les travaux ont \u00e9t\u00e9 financ\u00e9s et ont \u00e9t\u00e9 achev\u00e9s fin du deuxi\u00e8me trimestre 2021.<\/p>\n\n\n\n<p>En 2019, la municipalit\u00e9 a r\u00e9nov\u00e9 les mares, en particulier celles du Mesnil et de Blancheface.<\/p>\n\n\n\n<p>Il reste aujourd\u2019hui encore beaucoup \u00e0 faire, que ce soit au niveau de l\u2019\u00e9glise (\u00e9lectricit\u00e9, chauffage, enduit ext\u00e9rieur, cr\u00e9ation d&rsquo;un revers pav\u00e9, porte d\u2019entr\u00e9e, \u00e9tat int\u00e9rieur, pr\u00e9servation des objets liturgiques), de la chapelle de Blancheface (assise et toiture) et la mare attenante ass\u00e9ch\u00e9e, des lavoirs, dans la protection de nos espaces naturels et dans la mise en partage des traces de l\u2019histoire de notre village.<\/p>\n\n\n\n<p>Nous appelons donc chacun d\u2019entre vous, particuliers, artisans, entreprises, collectivit\u00e9s, \u00e0&nbsp;nous aider dans cette d\u00e9marche, par exemple par des dons, par de l\u2019aide lors des manifestations, par des travaux r\u00e9alis\u00e9s ou encadr\u00e9s par des sachants, par le partage d\u2019articles sur l\u2019 histoire de Sermaise et des Sarmates.<\/p>\n\n\n\n<p>Tous les contributeurs sont les bienvenus et seront mis en avant. Nous comptons sur vous tous.<\/p>\n\n\n\n<p><\/p>\n\n\n\n<p><em>(Ce site r\u00e9alis\u00e9 gracieusement reste la propri\u00e9t\u00e9<\/em> <em>de son cr\u00e9ateur<\/em> <em>S\u00e9bastien Daviot , tous droits r\u00e9serv\u00e9s).<\/em><\/p>\n","protected":false},"excerpt":{"rendered":"<p>L\u2019association \u00ab&nbsp;Sauvons le patrimoine de Sermaise&nbsp;\u00bb&nbsp;a \u00e9t\u00e9 cr\u00e9\u00e9e en juin 2016 pour pr\u00e9server et&nbsp;faire connaitre le patrimoine de notre village. Il y avait \u00e0 cette \u00e9poque une urgence toute particuli\u00e8re \u00e0 r\u00e9nover la toiture de l\u2019Eglise de Sermaise. Depuis les&hellip; <\/p>\n","protected":false},"author":1,"featured_media":2654,"parent":0,"menu_order":0,"comment_status":"closed","ping_status":"open","template":"","meta":{"_mi_skip_tracking":false},"aioseo_notices":[],"_links":{"self":[{"href":"http:\/\/www.sermaisepatrimoine.fr\/index.php\/wp-json\/wp\/v2\/pages\/2"}],"collection":[{"href":"http:\/\/www.sermaisepatrimoine.fr\/index.php\/wp-json\/wp\/v2\/pages"}],"about":[{"href":"http:\/\/www.sermaisepatrimoine.fr\/index.php\/wp-json\/wp\/v2\/types\/page"}],"author":[{"embeddable":true,"href":"http:\/\/www.sermaisepatrimoine.fr\/index.php\/wp-json\/wp\/v2\/users\/1"}],"replies":[{"embeddable":true,"href":"http:\/\/www.sermaisepatrimoine.fr\/index.php\/wp-json\/wp\/v2\/comments?post=2"}],"version-history":[{"count":22,"href":"http:\/\/www.sermaisepatrimoine.fr\/index.php\/wp-json\/wp\/v2\/pages\/2\/revisions"}],"predecessor-version":[{"id":4088,"href":"http:\/\/www.sermaisepatrimoine.fr\/index.php\/wp-json\/wp\/v2\/pages\/2\/revisions\/4088"}],"wp:featuredmedia":[{"embeddable":true,"href":"http:\/\/www.sermaisepatrimoine.fr\/index.php\/wp-json\/wp\/v2\/media\/2654"}],"wp:attachment":[{"href":"http:\/\/www.sermaisepatrimoine.fr\/index.php\/wp-json\/wp\/v2\/media?parent=2"}],"curies":[{"name":"wp","href":"https:\/\/api.w.org\/{rel}","templated":true}]}}

<p>L’association «&nbsp;<strong style="font-style: inherit;">Sauvons le patrimoine de Sermaise</strong>&nbsp;»&nbsp;a été créée en juin 2016 pour préserver et&nbsp;faire connaitre le patrimoine de notre village.</p>



<p>Il y avait à cette époque une urgence toute particulière à rénover la toiture de l’Eglise de Sermaise. Depuis les travaux ont été financés et ont été achevés fin du deuxième trimestre 2021.</p>



<p>En 2019, la municipalité a rénové les mares, en particulier celles du Mesnil et de Blancheface.</p>



<p>Il reste aujourd’hui encore beaucoup à faire, que ce soit au niveau de l’église (électricité, chauffage, enduit extérieur, création d&rsquo;un revers pavé, porte d’entrée, état intérieur, préservation des objets liturgiques), de la chapelle de Blancheface (assise et toiture) et la mare attenante asséchée, des lavoirs, dans la protection de nos espaces naturels et dans la mise en partage des traces de l’histoire de notre village.</p>



<p>Nous appelons donc chacun d’entre vous, particuliers, artisans, entreprises, collectivités, à&nbsp;nous aider dans cette démarche, par exemple par des dons, par de l’aide lors des manifestations, par des travaux réalisés ou encadrés par des sachants, par le partage d’articles sur l’ histoire de Sermaise et des Sarmates.</p>



<p>Tous les contributeurs sont les bienvenus et seront mis en avant. Nous comptons sur vous tous.</p>



<p></p>



<p><em>(Ce site réalisé gracieusement reste la propriété</em> <em>de son créateur</em> <em>Sébastien Daviot , tous droits réservés).</em></p>

<p>L’association «&nbsp;Sauvons le patrimoine de Sermaise&nbsp;»&nbsp;a été créée en juin 2016 pour préserver et&nbsp;faire connaitre le patrimoine de notre village. Il y avait à cette époque une urgence toute particulière à rénover la toiture de l’Eglise de Sermaise. Depuis les&hellip; </p>
